 = -5 + 7. Let y = -1 + z. Let n(j) = 5*j + 5 - j**3 + y - 6*j**2 - 9*j. What is n(-5)?
1
Let w = 23 + -21. Let b(o) = o**2. What is b(w)?
4
Let f(g) be the first derivative of 1/2*g**2 + 3*g - 4 + 1/6*g**3. Let s(a) be the first derivative of f(a). What is s(-2)?
-1
Let b = -6 + 21. Suppose -o - 2*o = -b. Let t(n) = -n - 4. Give t(o).
-9
Let w(o) = -o**2 + 2*o - 5. Let j(u) be the third derivative of -u**3/6 + 10*u**2. Let d(z) = 5*j(z) - w(z). What is d(3)?
3
Let q(l) = -l**3 + 6*l**2 - 6. Suppose 0*y - 24 = -2*y + 3*i, 0 = -2*y + 5*i + 32. Calculate q(y).
-6
Suppose 0 = 4*u - 1 + 5. Let r be u + 3*(3 + -2). Suppose r*d - 2*k = -14, d + 0*k = 3*k - 17. Let v(t) = t**2 + 2*t. What is v(d)?
0
Let o(a) = -a - 1. Let g(f) = 8*f + 7. Let q(d) = -g(d) - 6*o(d). What is q(-4)?
7
Let n(f) be the first derivative of f**3/3 + 3*f**2 + 7*f - 3. Give n(-6).
7
Let r(g) = -g**3 + 6*g**2 - 4*g + 1. Let d be 7/(-28) - (-85)/4. Suppose -28 = -4*f + k - 3*k, -f = 4*k - d. Determine r(f).
6
Let u(l) = -2*l**2 + l**2 + 69*l - 3 - 61*l. Calculate u(7).
4
Let f(z) = -z**3 - 6*z**2 - z + 4. Let v be (-2*(-3)/(-12))/((-2)/(-12)). What is f(v)?
-20
Let r(t) = -1 + 7*t**3 - t + 3 - 6*t**3 - 3*t**2. Suppose -1 - 11 = -4*h. Calculate r(h).
-1
Let y(w) = -w**3 + 5*w**2 - 2*w - 4. Let a be y(3). Let r(u) = u**2 - 8*u + 3. Let q be r(a). Let m(n) = -2 - 2*n - 3*n**2 + q + 2*n**2. Give m(-3).
-2
Let a(s) be the second derivative of s**3/6 - s**2/2 + s. Let l(x) = 6*x - 26. Let z be l(5). Give a(z).
3
Let n(q) = -q - 1. Let z(p) = 7*p + 6. Let i be z(0). Determine n(i).
-7
Let b(k) = -k**3 + 4*k**2 + 6*k + k**2 - 13*k**2 + 6*k - 1. Calculate b(-9).
-28
Let x(q) = q**3 - 5*q**2 - 7*q + 1. Let g be 3/(-9)*(-1 - -1). Suppose 3*w = -y + 14, g*y = w + y - 2. Give x(w).
-5
Let h(n) = -2*n + 2. Let u be 1/(2/(3 - -5)). Give h(u).
-6
Let z = 44 - 43. Let b(l) = 3 - 4 + 6*l + 0*l. Give b(z).
5
Let p be (4 - 6) + (-4)/(-1). Suppose -p*a + 7*a - 15 = 0. Let q(u) = u**2 + 0*u**a - u**3 + 2*u**3. Determine q(-2).
-4
Suppose y = 5*z + 87, -4*y + y + 9 = -z. Let h = 29 + z. Let p(c) = -2 - c**2 + h*c - 20*c + 14*c. Give p(5).
-2
Let b(y) = 8*y**2 - 1. Let k be b(1). Suppose -2*j - 25 = -5*n - k*j, 0 = 5*j - 15. Let d(w) = 2*w - 4*w + w - 6 + n*w. Give d(5).
-1
Let y(q) = 2*q**3 - 3*q**2 - 3*q - 1. Suppose 3*o = -o + 12. Calculate y(o).
17
Let o(p) = -5*p - 4*p - p + 4*p. Determine o(3).
-18
Let x(c) = -c**3 - c**2 + c + 1. Let l(s) = 4*s**3 - 3*s**2 - 11*s - 3. Let m(i) = l(i) + 5*x(i). Determine m(-7).
-5
Let r(m) be the third derivative of m**5/30 - m**4/12 - m**3/2 - m**2. Let p(v) be the first derivative of r(v). Suppose 0*l + 4 = 2*l. Give p(l).
6
Suppose 4*k + b = k + 9, -4*k + b = -5. Let r(f) = -6*f - 3*f**k - 3*f**2 + f**3 - 2*f**3 - 3. Give r(-5).
2
Let j(t) = -t - t**2 - 2*t + 3 + 2*t - 2. Determine j(0).
1
Let j(o) be the first derivative of o**4/4 + o**3 - o**2 - o + 28. Calculate j(-3).
5
Let l = -3 + 8. Suppose -l*j - 2*s = -31, 0 = -0*j - 4*j - s + 23. Let k(o) = o + 1. Let v(z) = 2*z + 1. Let q(d) = -11*k(d) + 6*v(d). Calculate q(j).
0
Let w(q) = 2*q - 17. Let a(i) = 3*i - 33. Let h(b) = -3*a(b) + 5*w(b). Let n be h(-12). Let x(j) = j**3 - j**2 - 2*j + 3. What is x(n)?
3
Let x(l) = l**3 + l**2 + 3. Suppose -13*r + 9*r = 0. Suppose -t = -r*t. What is x(t)?
3
Let f be 1 - 0*1/2. Let c(g) be the first derivative of -g**3/6 + g**2/2 + 4*g + 4. Let l(n) be the first derivative of c(n). Determine l(f).
0
Suppose -c - 20 = -5*c. Let h(q) = 6 + 2*q**2 + 2*q**2 - q**3 - c*q**2. Determine h(0).
6
Let k = 15 + -24. Let a = k - -10. Let p(w) = -w**3 + w**2 - w + 1. Give p(a).
0
Let n(t) = t**3 - 11*t**2 + 9*t + 13. Let w be n(10). Let u(y) = 3 + 2 + w + 2*y**2 - 3*y**2 - 5*y. Determine u(-6).
2
Let q(n) = 1. Let w(g) = 2*g - 6. Let d(x) = 5*q(x) + w(x). What is d(-2)?
-5
Let k(z) be the second derivative of -z**5/60 - 5*z**4/24 - z**3/3 + 5*z**2/2 - z. Let d(v) be the first derivative of k(v). Calculate d(-5).
-2
Let j(s) = -18*s**2 + 11*s**2 + 6*s**2 - 9*s - 4. Suppose 2*l - 2*o + 8 = 0, -6*o + o - 16 = l. Give j(l).
14
Let w(u) = -3*u**2 + 4*u**2 - 147 + 147. Let a(p) = 4*p**2 - 7*p - 3. Let z(c) = -a(c) + 5*w(c). Determine z(-6).
-3
Let k(m) be the first derivative of m**3/3 + m**2 - m - 1. Suppose s + 5 + 6 = 4*o, -2*s - 14 = -4*o. Determine k(s).
2
Let m be (-2)/(-4) + (-3)/6. Suppose -g + 2 + 1 = m. Let b(u) = -3*u + g + 4*u + 9. Calculate b(-5).
7
Let g(b) = -b**3 - 5*b**2 - 2*b - 6. Let j(k) = 2*k**2 - k + 2. Let f be j(4). Suppose -3*m = -m - s + 7, 3*m + 5*s = -f. Determine g(m).
4
Let p(o) = 0*o + 1 - 1 - 6 + o. Calculate p(3).
-3
Let g(u) be the second derivative of u**3/3 + 5*u**2/2 + 21*u. Calculate g(-5).
-5
Let n(v) = -2*v**2 + v. Let c = -11 - -12. Let r(x) = 2*x**2. Let w be r(c). Determine n(w).
-6
Let q be 1 + (2 - 0)/2. Suppose 0 = -0*z + 4*z - 4. Let t(d) = 3 - z + 2 + d**2 - 2. Determine t(q).
6
Let q(v) = 25*v - 10*v - 8*v**2 - 15*v. Let z = 1 + 0. Give q(z).
-8
Let w(u) = u**2. Let z = 5 + -1. Suppose -12 = -4*x + z*r, -2*x + 4*x + 5*r + 15 = 0. Determine w(x).
0
Suppose 16 = -7*n + 23. Let t(k) = 4*k**3 - k**2 + k. Give t(n).
4
Suppose 8*o - 5*o - 6 = 0. Suppose 5 = -i, -o*i - 2 + 0 = 4*p. Let s(x) = x**2 + 2*x. What is s(p)?
8
Let y(n) = n**3 + 3*n**2 - 5*n - 4. Let r be 1/(-4 + (-36)/(-8)). Suppose -r*b - 7 + 1 = 0. Give y(b).
11
Let c(z) = z**2 - 6*z - 8. Let n be 14/(-5)*(-85)/34. Give c(n).
-1
Let a(y) = -13 + y**3 + 6*y**2 + 30 - 14 + 5*y. Calculate a(-5).
3
Let x(h) be the first derivative of h**3/3 - 7*h**2/2 + 18. Give x(5).
-10
Let l = -5 - -11. Let j(p) = -2 - p + 0 + l. Calculate j(0).
4
Let u(m) = m - 11. Let t(w) = -w**3 + 18*w**2 + w - 26. Let z be t(18). What is u(z)?
-19
Let d be (-5)/(-10)*3/6. Let j(g) be the first derivative of 0*g**2 + 2*g + 1/3*g**3 - 1 + d*g**4. What is j(0)?
2
Suppose 0 - 16 = -2*k. Suppose -f - g - g = -7, -2*g + k = 0. Let o(w) = -2*w - 1. Determine o(f).
1
Let c(h) = h**3 - 6*h**2 + 5. Suppose x = 5*d + 26, -2*x + 0*d - d + 8 = 0. Let m be c(x). Let t(g) = g**2 - 5*g + 4. Determine t(m).
4
Suppose 7*f + 95 = 12*f. Let j = f - 14. Let x(a) = -a + 7. What is x(j)?
2
Let l(c) be the first derivative of -c**2/2 + 7*c + 3. Suppose 2*d - 6 = 4*h - 2*h, 12 = -2*h - d. Calculate l(h).
12
Let x(z) = -z**2 - 4*z + 4. Let g(w) = -2*w**2 + 6*w + 4. Let s be g(4). Determine x(s).
4
Let b(c) = c**2 + 5*c + 4. Suppose 3*x - 11 = 13. Suppose -x*k - 20 = -4*k. Give b(k).
4
Let g be 2/((-4)/8 + 0). Let p(w) = -w**2 - 5*w - 5. What is p(g)?
-1
Let u(i) = -i**2 + 6*i + 3. Let b be 14*(-4)/(-8) - 4. Suppose r = b + 1. Determine u(r).
11
Let u(t) = -t**3 + 5*t**2 + 6*t - 1. Let p be ((-6)/(-4))/(2/(-16)). Let s = -6 - p. What is u(s)?
-1
Let z(q) = -q**3 - q. Let j be z(-1). Let i(k) = k - j*k + 2 + 4*k. What is i(-3)?
-7
Let t(u) be the third derivative of u**4/4 - 5*u**2. Let x(c) = -c - 3. Let y be x(-2). What is t(y)?
-6
Let l(s) = 2*s + 2. Let j(x) = x - 1. Let q(v) = -j(v) + l(v). What is q(4)?
7
Let s(k) be the first derivative of -k**4/4 - 7*k**3/3 + 3*k**2 - 9*k - 20. Calculate s(-8).
7
Let q(n) = -1 + 2*n**3 + n**2 + 3*n**2 - 3*n**2. Let t = -17 - -4. Let w = -12 - t. What is q(w)?
2
Suppose -3*i = -21 + 6. Let b(p) = 3*p - 9. Determine b(i).
6
Let w(p) be the third derivative of -p**6/120 + p**5/20 + p**4/8 + p**3/6 + 4*p**2. Calculate w(4).
-3
Let g = -53 + 46. Let s(l) = -l**3 - 7*l**2 + 2*l. Determine s(g).
-14
Let q(p) be the first derivative of -3*p**5/20 + p**4/6 - p**2/2 - 4*p - 5. Let m(a) be the first derivative of q(a). Calculate m(-1).
4
Let t(n) be the first derivative of n**3/3 - 4*n + 227. Let z(j) = j + 2. Let y be (7/5 + -1)*-5. Let w be z(y). Calculate t(w).
-4
Let m(l) = 15*l**3 - 6*l**2 - 25*l + 15. Let h(d) = -7*d**3 + 3*d**2 + 12*d - 7. Let u(v) = -13*h(v) - 6*m(v). What is u(4)?
-7
Let x(z) = z**3 + 4*z**2 + 4*z - 1. Suppose 2*k + 111 = w + 4*w, -4*k = -2*w + 38. Let m = -16 + w. Suppose -l - m = -4. Calculate x(l).
-4
Let c(z) = -z**2 + 5*z - 4. Suppose -g + h = 2*h + 8, 5*g + 2*h = -25. Let n = 6 + g. Suppose n*d + 0*d = 9. Give c(d).
2
Let x(s) = -s**2 - 2*s. Let o = 6 + -8. Let c be x(o). Let k(h) = 0 + c*h + 3*h**2 - 4*h - h**3 + 2. What is k(2)?
-2
Let k(d) = d**3 - 6*d**2 + 3*d - 3. Suppose -